{"id":5,"date":"2021-07-02T12:04:46","date_gmt":"2021-07-02T12:04:46","guid":{"rendered":"http:\/\/archiv.szolnoktv.hu\/?page_id=5"},"modified":"2026-02-07T17:21:17","modified_gmt":"2026-02-07T16:21:17","slug":"keszitse-el-webhelyet-blokkokkal","status":"publish","type":"page","link":"http:\/\/archiv.szolnoktv.hu\/","title":{"rendered":"Arch\u00edvum"},"content":{"rendered":"<p>Kedves L\u00e1togat\u00f3!<\/p>\n<p>A Szolnok TV Zrt. honlapja (www.szolnoktv.hu) 2021 nyar\u00e1n meg\u00fajult. Az oldal 2007-es indul\u00e1s\u00e1t\u00f3l jelent\u0151s tartalom lett publik\u00e1lva, ami azonban nem volt kereshet\u0151, \u00e1tl\u00e1that\u00f3 a mennyis\u00e9g miatt. Ezen t\u00e9nyek sz\u00fclt\u00e9k a gondolatot, egy \u00faj arch\u00edvum l\u00e9trehoz\u00e1s\u00e1ra. C\u00e9lja, hogy n\u00e9z\u0151inket magasabb min\u0151s\u00e9g\u0171 szolg\u00e1ltat\u00e1sban r\u00e9szes\u00edt\u00e9se, illetve a tartalom meg\u0151rz\u00e9se. Sz\u00fcks\u00e9ges l\u00e9p\u00e9s volt a technikai k\u00f6vetelm\u00e9nyek miatt t\u00f6rt\u00e9n\u0151 konvert\u00e1l\u00e1s \u00e9s adatb\u00e1zis migr\u00e1l\u00e1s elv\u00e9gz\u00e9se. A flash tartalmakat vil\u00e1g szinten kivezett\u00e9k, \u00edgy a r\u00e9gi film tartalmak is szabv\u00e1nyos (mobil eszk\u00f6z\u00f6k\u00f6n is megtekinthet\u0151) form\u00e1tumba lettek \u00e1talak\u00edtva.<\/p>\n<p>K\u00e9rj\u00fck haszn\u00e1lj\u00e1k, kutass\u00e1k \u00e9s v\u00e9lem\u00e9ny\u00fckkel seg\u00edts\u00e9k munk\u00e1nkat! A vide\u00f3k alatt tal\u00e1lhat\u00f3 \u00e9rt\u00e9kel\u00e9s ikonok seg\u00edts\u00e9g\u00e9vel jelezhetik sz\u00e1munkra az esetlegesen s\u00e9r\u00fclt vagy hi\u00e1nyz\u00f3 tartalmakat. Ezeket a lehet\u0151s\u00e9geink szerint miel\u0151bb jav\u00edtani sz\u00e1nd\u00e9kozzuk.<\/p>\n<p>K\u00f6sz\u00f6nj\u00fck!<\/p>\n<p>Torda Ferenc<br \/>\nvez\u00e9rigazgat\u00f3<\/p>\n<p>&nbsp;<\/p>\n<p>&nbsp;<\/p>\n","protected":false},"excerpt":{"rendered":"<p>Kedves L\u00e1togat\u00f3! A Szolnok TV Zrt. honlapja (www.szolnoktv.hu) 2021 nyar\u00e1n meg\u00fajult. Az oldal 2007-es indul\u00e1s\u00e1t\u00f3l jelent\u0151s tartalom lett publik\u00e1lva, ami azonban nem volt kereshet\u0151, \u00e1tl\u00e1that\u00f3 a mennyis\u00e9g miatt. Ezen t\u00e9nyek sz\u00fclt\u00e9k a gondolatot, egy \u00faj arch\u00edvum l\u00e9trehoz\u00e1s\u00e1ra. C\u00e9lja, hogy n\u00e9z\u0151inket magasabb min\u0151s\u00e9g\u0171 szolg\u00e1ltat\u00e1sban r\u00e9szes\u00edt\u00e9se, illetve a tartalom meg\u0151rz\u00e9se. Sz\u00fcks\u00e9ges l\u00e9p\u00e9s volt a technikai k\u00f6vetelm\u00e9nyek miatt [&hellip;]<\/p>\n","protected":false},"author":1,"featured_media":0,"parent":0,"menu_order":0,"comment_status":"closed","ping_status":"closed","template":"","meta":[],"_links":{"self":[{"href":"http:\/\/archiv.szolnoktv.hu\/index.php?rest_route=\/wp\/v2\/pages\/5"}],"collection":[{"href":"http:\/\/archiv.szolnoktv.hu\/index.php?rest_route=\/wp\/v2\/pages"}],"about":[{"href":"http:\/\/archiv.szolnoktv.hu\/index.php?rest_route=\/wp\/v2\/types\/page"}],"author":[{"embeddable":true,"href":"http:\/\/archiv.szolnoktv.hu\/index.php?rest_route=\/wp\/v2\/users\/1"}],"replies":[{"embeddable":true,"href":"http:\/\/archiv.szolnoktv.hu\/index.php?rest_route=%2Fwp%2Fv2%2Fcomments&post=5"}],"version-history":[{"count":13,"href":"http:\/\/archiv.szolnoktv.hu\/index.php?rest_route=\/wp\/v2\/pages\/5\/revisions"}],"predecessor-version":[{"id":33411,"href":"http:\/\/archiv.szolnoktv.hu\/index.php?rest_route=\/wp\/v2\/pages\/5\/revisions\/33411"}],"wp:attachment":[{"href":"http:\/\/archiv.szolnoktv.hu\/index.php?rest_route=%2Fwp%2Fv2%2Fmedia&parent=5"}],"curies":[{"name":"wp","href":"https:\/\/api.w.org\/{rel}","templated":true}]}}